s the tens digit of s?
0
Let w(h) = 3 - 192*h**2 + 1 + 9*h + 0*h**3 + 389*h**2 - 3*h**3 - 206*h**2. What is the hundreds digit of w(-7)?
5
Let d = 248 + -244. Suppose r - 5*r = -d*q + 2944, 5*r = 5. What is the tens digit of q?
3
Let s be -10336 + (4/6)/(8/(-60)). What is the hundreds digit of 63/105 - (s/15 - -2)?
6
Let k(b) = 214*b**2 + 4*b - 7. Let x be k(3). Suppose 0 = 13*v - 1384 - x. What is the tens digit of v?
5
Suppose -5*u = 5*u - 290. Let m(l) = 2*l**2 - 20*l + 27. Let r be m(u). Suppose -23 = -8*s + r. What is the tens digit of s?
4
Let a(h) = 3*h - 4. Let s be a(2). Suppose 4 = s*w + 288. Let q = 211 + w. What is the units digit of q?
9
Let p = -176 - -185. Suppose -p*i + 513 = -2178. What is the tens digit of i?
9
Suppose -3*k + 597 = 3*t, -3*k - 591 = 2*t - 5*t. Let d = -1196 - -1061. Let q = d + t. What is the units digit of q?
3
Let m = 19 + -134. Suppose -10*f + 622 = -7*f + 5*l, 4*f - l = 791. Let b = m + f. What is the tens digit of b?
8
Let u = 2601 - -2432. What is the units digit of u?
3
Suppose -3*n + 26730 = 122*s - 119*s, s + 17841 = 2*n. What is the units digit of n?
7
Let k = -1040 + 3310. Suppose -7*z + k = 3*z. What is the hundreds digit of z?
2
Let y = -3243 + 7733. What is the thousands digit of y?
4
Let a(l) = 50*l**2 + 55*l - 540. What is the units digit of a(12)?
0
Let r = 1136 + -723. Let t = r + -175. What is the hundreds digit of t?
2
Let a(m) = 14*m**2 - 59*m + 1077. What is the units digit of a(14)?
5
What is the thousands digit of 279195/33 - 7*(-78)/1001?
8
Let w = 67 + 31. Suppose -3*r - 20 = -0*n + 5*n, 4 = 4*r - n. Suppose 2*j + j + 5*s - 122 = r, -s - w = -3*j. What is the tens digit of j?
3
Let b = -3114 - -4377. Let a = -226 + b. What is the units digit of a?
7
Let z = -43 + 84. Let x = 12 - z. Let d = 136 + x. What is the tens digit of d?
0
Let m(u) = -36*u - 139. Let i be m(-6). Suppose -83*z = -i*z - 11052. What is the hundreds digit of z?
8
Let w(j) = 2210*j + 7. What is the tens digit of w(1)?
1
Suppose -18*j = 3620 + 2140. What is the units digit of 7 - (j - (-7 + 0))?
0
Let h be 20/6 + 1/(-3). Let f be 79200/432*(-7)/(-4)*30/35. Suppose -5*c + 3*k + 341 + f = 0, 116 = c - h*k. What is the tens digit of c?
2
Suppose 3*i - 33156 = -5*c, 0*i = -4*c + 2*i + 26538. Suppose -12*n + n + c = 0. What is the hundreds digit of n?
6
Let k = 948 - 945. Suppose 12*t = -2*x + 9*t + 2166, -3*x = -k*t - 3249. What is the units digit of x?
3
Let w = 2212 + -1496. Suppose k = -4*x - 4*k + 2843, w = x + 3*k. What is the units digit of x?
7
Let s be 2 - 4/(3 - 4). Let m = s - 8. What is the units digit of m/(19/(-17) - (-3 - -2))?
7
Let k(c) = 22*c**3 + c - 1. Let u = 16 + -15. What is the units digit of k(u)?
2
Let s(n) = 2*n**2 - 4*n + 7. Suppose -13*r + 8 = -15*r. Let f be s(r). Suppose -f = 7*u - 713. What is the units digit of u?
4
Let z be (27 - -3)/(3/598). Suppose 13*p - 5980 = 8*p - 4*t, 5*p = 5*t + z. What is the tens digit of p?
9
Let o = -141 - -143. Suppose 0 = -10*v - o*v. Suppose -15*j + 1369 + 2036 = v. What is the units digit of j?
7
Let n(s) = -19041*s - 553. What is the units digit of n(-1)?
8
What is the ten thousands digit of -27*(-7)/(-21) - (2 + -40166)?
4
Let t be -7*(-5)/20*-4. Let c(s) = s**3 + 10*s**2 + 15*s + 5. What is the tens digit of c(t)?
4
Suppose -298149 = -95*k + 72*k. What is the tens digit of k?
6
Let u(t) = -4*t**3 - 79*t**2 + 27*t + 348. What is the thousands digit of u(-31)?
2
Let j(t) = 1181*t + 442. What is the tens digit of j(4)?
6
Suppose 66407 = x + 4*u, -7112 + 139986 = 2*x - 4*u. What is the tens digit of x?
2
Let w = 2292 - -3315. What is the thousands digit of w?
5
Let l be (-4)/10 + 8441/115. Let i = 86 - l. Suppose i*n - 8*n - 605 = 0. What is the tens digit of n?
2
Let o = -1096 - -1098. Suppose 2*j + 3*k = 79, j - 41 = k + 6. What is the tens digit of o/8 + 7469/j?
7
Let a = -395 - -76. Let n = -228 - a. Suppose 61*b - n = 60*b. What is the tens digit of b?
9
Let b = -16 - 77. Let o be (-4)/(-126)*10452/2 - 18/(-189). Let r = o + b. What is the tens digit of r?
7
Let q = -490 + 160. Let j = -114 - q. What is the hundreds digit of j?
2
Suppose -3*i - 38391 = -7*u, -21491 = -4*u + i + 446. What is the hundreds digit of u?
4
Let z be (-2)/(20/6 - 4). Let b be (13/z)/(12/(-36)). Let j = -5 - b. What is the units digit of j?
8
Suppose 0 = -11*w + 162277 + 491288. What is the ten thousands digit of w?
5
Let f(x) = -137*x**3 - 7*x**2 + 44*x + 188. What is the units digit of f(-8)?
2
What is the thousands digit of 73363 + 12/(-3) + (109 - 103)?
3
Let z be 44/154 - (-38)/14. Suppose z*d - d + 4*n = 2212, -3*d = -n - 3311. What is the units digit of d?
4
Suppose 2*x = a - 6, 5*a - 3*x + 2 = -3. What is the tens digit of -2 - (-2)/a*(4 + -1038)?
1
Suppose -46*r = -47*r + 22. Suppose 2*o + 3*z + 1 = 20, -5*o = -z - r. What is the units digit of ((-2)/o)/(3/(-60))?
8
Let g(m) = 14*m**2 + 14*m + 352. What is the hundreds digit of g(-29)?
7
Let r(y) = 878*y - 477. What is the tens digit of r(9)?
2
Let t = -118 - -122. Suppose -2*p + 476 = 4*m + 2*p, 2*m - t*p = 244. What is the units digit of m?
0
Let l(x) be the first derivative of -6 + 17/2*x**2 - 17*x - 2/3*x**3. What is the units digit of l(7)?
4
What is the units digit of 8/(-6)*16/((-320)/153930)?
2
Let h(r) = 6*r**3 - 21*r**2 + 37*r + 68. What is the hundreds digit of h(20)?
4
Suppose -19 - 6 = -5*x. Suppose x*g - 4*z = 62, 0*z = 4*z - 8. Let d(k) = 2*k + 21. What is the tens digit of d(g)?
4
Suppose -4*k = -10*k + 210. Suppose -3*m - k = -26. What is the hundreds digit of (1 + 176/m)/(3/(-9))?
1
Let m = 23503 + -4148. Let n be (2/(-4))/(-4 + m/4840). What is the units digit of (0 + 1)/(488/n + -1)?
1
Suppose y = -y + 824. Suppose 5*o + 4*r = 1027, 2*o + r = -0*r + y. What is the hundreds digit of o?
2
Suppose -3*x - 2988*i = -2985*i - 93975, -4*x - 2*i + 125298 = 0. What is the thousands digit of x?
1
Let w(u) = 33*u - 7*u - u**2 - u - 21. Let z be w(23). Let c = z - 21. What is the units digit of c?
4
Let t(b) = 23*b**2 + 15*b + 34. Let o be (-6 + 8)*2 - 7. What is the hundreds digit of t(o)?
1
Suppose -28 = -11*n + 4*n. Let h be 263/4 - (-5 - (-19)/n). Suppose 0 = 8*f + 26 - h. What is the units digit of f?
5
Suppose 4*j - 49 = -53. Let c(l) = 381*l**2 + l + 1. What is the tens digit of c(j)?
8
Let j(k) = 20*k**3 + 53*k**2 + 14*k - 104. What is the hundreds digit of j(7)?
4
Let r(w) be the first derivative of -w**2/2 - 12*w - 3. Let h be r(-13). What is the units digit of 2*2 + h + 17?
2
Let u(p) = p**2 - 21*p - 480. What is the hundreds digit of u(-66)?
2
Let k be (79/(-1501))/(3/(-57)). Let n(l) = 412*l**2. Let c be n(-1). Suppose 0 = 3*w + k - c. What is the hundreds digit of w?
1
Let u = 10964 + 8736. What is the thousands digit of u?
9
Suppose 3*i + 2*i - 3*a - 1966 = 0, 0 = -i + 4*a + 383. Let z = i - -130. What is the units digit of z?
5
Let j be (-2)/(-4) + 513/18. Let d = j + -20. Suppose d*k + 156 = 13*k. What is the units digit of k?
9
Let k be (-5879)/(-6) + (14/(-12))/(-7). Let p = -693 + k. What is the hundreds digit of p?
2
Let z be ((-18)/(-21))/((-4)/(-14)). Suppose 0 = -z*j + j - 4, -354 = -4*v + 3*j. Let t = v - -25. What is the tens digit of t?
1
Let n(c) = -c**3 + 13*c**2 + 9*c + 7. Let q(z) = -2*z + 25. Let u be q(9). Let w be n(u). What is the tens digit of (w/8)/((-1)/(-2))?
9
Let f(r) = 49*r**2 + 4*r + 1. Let n(v) be the third derivative of -v**4/24 + 16*v**2. Let q(p) = f(p) + 3*n(p). What is the units digit of q(-1)?
9
Let o = 446 + -308. Let h = -82 + o. Suppose -m - m = -h. What is the units digit of m?
8
Let g = 934 - -50. Suppose 0 = -70*a + 73*a - g. What is the units digit of a?
8
Let q(f) = -242*f + 6865. What is the units digit of q(-119)?
3
Let h = 969 - -1512. Suppose -4*r + 3*q + h = 0, 5*q + 4223 = 4*r + 1744. What is the tens digit of r?
2
What is the tens digit of 50400 + 6 + -11 - 14*(-2)/(-4)?
8
Let b be (-4)/6 + (1624/(-12) - -2). Let f be (b/(-4))/(2 - (-15)/(-10)). Suppose -5*t + 4*h = -f, 7*h = -4*t + 3*h + 32. What is the tens digit of t?
1
Let f(i) = 34*i - 58. Let k = 591 + -586. What is the hundreds digit of f(k)?
1
Let q(p) = -22*p - 29. Let u(f) = 55*f + 2*f + 47 + 11 - 14*f. Let d(n) = 11*q(n) + 6*u(n). What is the tens digit of d(6)?
2
Let i be 1 + (61